{"id":8826,"date":"2026-02-10T14:25:01","date_gmt":"2026-02-10T12:25:01","guid":{"rendered":"https:\/\/www.helle.fi\/tuote\/chilipeppar-zest-100-s\/"},"modified":"2026-02-10T14:25:01","modified_gmt":"2026-02-10T12:25:01","slug":"chilipeppar-zest-100-s","status":"publish","type":"product","link":"https:\/\/www.helle.fi\/sv\/tuote\/chilipeppar-zest-100-s\/","title":{"rendered":"Chilipeppar Zest 100 s."},"content":{"rendered":"<p>Zest \u00e4r en chilipeppar av Cheyenne-typ, med gulorangea frukter som \u00e4r ca 5-8 cm l\u00e5nga.<\/p>\n<p>Smaken \u00e4r fruktig och kryddig, med en hetta p\u00e5 cirka 40.000 SHU.<\/p>\n<p>Den har en grenad vana och v\u00e4xer till en h\u00f6jd av cirka 30-50 cm, s\u00e5 den \u00e4r v\u00e4l l\u00e4mpad f\u00f6r odling i krukor. Tidig tillv\u00e4xt, bra p\u00e5 balkonger och terrasser, till exempel.   <\/p>\n<p>S\u00e4ljs i f\u00f6rpackningar om 100 fr\u00f6n.<\/p>\n<p>&nbsp;<\/p>\n","protected":false},"excerpt":{"rendered":"<p>Zest \u00e4r en chilipeppar av Cheyenne-typ, med gulorangea frukter som \u00e4r ca 5-8 cm l\u00e5nga. Smaken \u00e4r fruktig och kryddig, med en hetta p\u00e5 cirka 40.000 SHU. Den har en grenad vana och v\u00e4xer till en h\u00f6jd av cirka 30-50 cm, s\u00e5 den \u00e4r v\u00e4l l\u00e4mpad f\u00f6r odling i krukor. Tidig tillv\u00e4xt, bra p\u00e5 balkonger [&hellip;]<\/p>\n","protected":false},"featured_media":8828,"template":"","meta":{"_improvement_type_select":"improve_an_existing","_thumb_yes_seoaic":false,"_frame_yes_seoaic":false,"seoaic_generate_description":"","seoaic_improve_instructions_prompt":"","seoaic_rollback_content_improvement":"","seoaic_idea_thumbnail_generator":"","thumbnail_generated":false,"thumbnail_generate_prompt":"","seoaic_article_description":""},"product_brand":[1354],"product_cat":[1600,1445,1512],"product_tag":[1776,1794,1460,1793],"class_list":{"0":"post-8826","1":"product","2":"type-product","3":"status-publish","4":"has-post-thumbnail","6":"product_brand-syngenta-flowers","7":"product_cat-chilli","8":"product_cat-fron-och-plantor","9":"product_cat-vaxthusgronsaker","10":"product_tag-chilipeppar","11":"product_tag-fruktig-och-kryddig","12":"product_tag-tidigt","13":"product_tag-zest","15":"first","16":"instock","17":"taxable","18":"shipping-taxable","19":"purchasable","20":"product-type-simple"},"_links":{"self":[{"href":"https:\/\/www.helle.fi\/sv\/wp-json\/wp\/v2\/product\/8826","targetHints":{"allow":["GET"]}}],"collection":[{"href":"https:\/\/www.helle.fi\/sv\/wp-json\/wp\/v2\/product"}],"about":[{"href":"https:\/\/www.helle.fi\/sv\/wp-json\/wp\/v2\/types\/product"}],"wp:featuredmedia":[{"embeddable":true,"href":"https:\/\/www.helle.fi\/sv\/wp-json\/wp\/v2\/media\/8828"}],"wp:attachment":[{"href":"https:\/\/www.helle.fi\/sv\/wp-json\/wp\/v2\/media?parent=8826"}],"wp:term":[{"taxonomy":"product_brand","embeddable":true,"href":"https:\/\/www.helle.fi\/sv\/wp-json\/wp\/v2\/product_brand?post=8826"},{"taxonomy":"product_cat","embeddable":true,"href":"https:\/\/www.helle.fi\/sv\/wp-json\/wp\/v2\/product_cat?post=8826"},{"taxonomy":"product_tag","embeddable":true,"href":"https:\/\/www.helle.fi\/sv\/wp-json\/wp\/v2\/product_tag?post=8826"}],"curies":[{"name":"wp","href":"https:\/\/api.w.org\/{rel}","templated":true}]}}

<p>Zest är en chilipeppar av Cheyenne-typ, med gulorangea frukter som är ca 5-8 cm långa.</p>
<p>Smaken är fruktig och kryddig, med en hetta på cirka 40.000 SHU.</p>
<p>Den har en grenad vana och växer till en höjd av cirka 30-50 cm, så den är väl lämpad för odling i krukor. Tidig tillväxt, bra på balkonger och terrasser, till exempel.   </p>
<p>Säljs i förpackningar om 100 frön.</p>
<p>&nbsp;</p>

<p>Zest är en chilipeppar av Cheyenne-typ, med gulorangea frukter som är ca 5-8 cm långa. Smaken är fruktig och kryddig, med en hetta på cirka 40.000 SHU. Den har en grenad vana och växer till en höjd av cirka 30-50 cm, så den är väl lämpad för odling i krukor. Tidig tillväxt, bra på balkonger [&hellip;]</p>
